246 and 174.
58
What is the highest common factor of 235852 and 5228?
4
Calculate the greatest common divisor of 85395712 and 56266.
8038
What is the greatest common factor of 1351 and 1784634523?
1351
What is the greatest common factor of 2284922 and 80?
2
Calculate the greatest common divisor of 1026108330 and 30.
30
Calculate the greatest common factor of 4788 and 629874.
126
What is the greatest common divisor of 975 and 183025?
25
What is the highest common divisor of 6604 and 3542864?
52
Calculate the greatest common divisor of 694 and 3442.
2
Calculate the greatest common divisor of 82 and 2999560.
82
Calculate the highest common divisor of 8064 and 8648388.
252
Calculate the highest common factor of 1459152 and 46080.
144
Calculate the highest common divisor of 981840 and 2440.
40
What is the greatest common factor of 59697 and 13497?
33
Calculate the highest common divisor of 245 and 9782570.
35
Calculate the highest common divisor of 6647 and 7005616.
23
What is the highest common factor of 81792081 and 18795?
3759
What is the greatest common factor of 93937543 and 12236?
161
What is the greatest common factor of 25865128 and 256?
8
What is the greatest common factor of 10519 and 275849?
157
Calculate the highest common divisor of 338 and 104447746.
338
Calculate the greatest common divisor of 959119436 and 1595.
319
What is the greatest common divisor of 2 and 16623722?
2
What is the highest common divisor of 3500 and 3612900?
100
What is the greatest common divisor of 1525 and 7610055?
305
Calculate the greatest common factor of 563395401 and 18.
9
Calculate the greatest common divisor of 647925 and 2619525.
3975
What is the highest common divisor of 16630090 and 10?
10
What is the greatest common factor of 368827445 and 105?
35
What is the greatest common factor of 1716696 and 16498?
226
What is the highest common divisor of 1427292 and 64?
4
Calculate the highest common divisor of 3 and 371359.
1
Calculate the highest common divisor of 135 and 35406342.
27
What is the highest common divisor of 48 and 104508924?
12
What is the greatest common factor of 325383476 and 592?
148
What is the highest common factor of 496045 and 143?
11
Calculate the greatest common factor of 39442 and 1258.
74
What is the greatest common divisor of 682 and 22903947?
341
Calculate the highest common factor of 112751515 and 15.
5
Calculate the highest common divisor of 3255152 and 5446.
778
What is the greatest common factor of 925160 and 280?
40
Calculate the highest common divisor of 6615 and 164658375.
2205
What is the highest common divisor of 7962259 and 57769?
1409
Calculate the greatest common divisor of 362370 and 10058.
94
What is the greatest common divisor of 101376 and 12276?
396
Calculate the highest common divisor of 184934836 and 3692.
284
Calculate the greatest common factor of 5103 and 4485033.
63
What is the highest common factor of 700 and 8051500?
100
Calculate the greatest common divisor of 14524 and 42355615.
3631
Calculate the highest common factor of 2667714 and 152.
38
What is the greatest common divisor of 1477035511 and 203?
203
Calculate the greatest common factor of 22948339 and 5204.
1301
What is the greatest common divisor of 57270 and 2944?
46
What is the highest common factor of 12995 and 38511982?
2599
What is the greatest common factor of 4641 and 1061697?
273
What is the greatest common divisor of 77 and 886039?
77
What is the highest common divisor of 2105432 and 39032?
2296
Calculate the highest common factor of 9272 and 15323688.
488
Calculate the highest common divisor of 15 and 1805877.
3
Calculate the highest common factor of 78 and 87939204.
6
What is the greatest common factor of 99073 and 29?
1
Calculate the highest common divisor of 10778751 and 36.
9
What is the highest common factor of 454654 and 9381?
59
What is the greatest common divisor of 660 and 5679645?
15
Calculate the highest common divisor of 6 and 199032.
6
What is the greatest common factor of 8544676 and 476?
476
What is the greatest common factor of 721417 and 1441?
131
Calculate the greatest common divisor of 152071740 and 31.
31
What is the highest common factor of 800 and 15237850?
50
What is the highest common factor of 3975 and 41775?
75
What is the highest common divisor of 36356 and 16837?
149
Calculate the greatest common divisor of 689791 and 2054129.
3811
Calculate the greatest common divisor of 2620 and 121568.
524
Calculate the greatest common divisor of 26730 and 279070110.
8910
What is the highest common factor of 352 and 89533202?
22
Calculate the greatest common factor of 278034 and 8037954.
894
Calculate the greatest common divisor of 5446 and 15138713.
389
Calculate the greatest common factor of 3916 and 1288186.
178
Calculate the highest common divisor of 327341 and 478279.
463
What is the greatest common factor of 9576160 and 5940?
220
What is the highest common factor of 4246340 and 2077364?
2476
What is the highest common divisor of 105 and 66302310?
15
Calculate the highest common factor of 2289512 and 12328.
184
Calculate the greatest common factor of 11438 and 78371542.
1634
Calculate the greatest common divisor of 18473923 and 2821.
403
Calculate the greatest common divisor of 11457 and 9643377.
201
Calculate the highest common divisor of 15384 and 206659041.
1923
What is the greatest common divisor of 143662 and 134436?
1318
Calculate the highest common factor of 1462 and 7809562.
34
Calculate the highest common factor of 23840188 and 2.
2
What is the highest common divisor of 4539 and 158169020?
1513
Calculate the highest common factor of 46995 and 134958795.
3615
Calculate the highest common divisor of 10692 and 19764.
324
Calculate the greatest common factor of 1957548 and 1068.
12
Calculate the greatest common factor of 121962550 and 5050.
5050
What is the greatest common divisor of 79 and 17117641?
79
What is the greatest common divisor of 21371496 and 1968?
984
Calculate the greatest common divisor of 338 and 59065838.
338
Calculate the greatest common factor of 735946 and 669178.
214
Calculate the greatest common divisor of 7109492 and 1391480.
3236
Calculate the greatest common divisor of 407026 and 220124.
226
What is the greatest common divisor of 78 and 498656028?
78
Calculate the greatest common divisor of 43292 and 1566732.
548
What is the greatest common factor of 383178620 and 902?
902
What is the greatest common factor of 2898 and 19497330?
414
Calculate the greatest common divisor of 80738 and 385994.
1106
Calculate the greatest common factor of 4080 and 160592880.
4080
What is the highest common factor of 491785 and 1365?
35
Calculate the highest common divisor of 7145180 and 588.
196
Calculate the highest common divisor of 60 and 12633620.
20
What is the highest common divisor of 13587210 and 1690?
130
Calculate the greatest common divisor of 4696992 and 6204.
564
Calculate the greatest common divisor of 3 and 38634738.
3
Calculate the highest common divisor of 6256 and 53312.
272
Calculate the highest common divisor of 16029491 and 4042.
47
Calculate the greatest common divisor of 7151652 and 1260.
36
What is the highest common factor of 50100 and 7888746?
1002
What is the greatest common divisor of 6888 and 3401688?
984
What is the greatest common divisor of 139076 and 9562?
14
Calculate the greatest common divisor of 186261916 and 22402.
974
Calculate the greatest common factor of 2762408 and 88.
88
Calculate the highest common factor of 4408 and 4155352.
232
Calculate the greatest common factor of 468072 and 99000.
792
Calculate the highest common factor of 198009214 and 846.
94
Calculate the greatest common factor of 245 and 187563523.
49
Calculate the highest common divisor of 5516351 and 2244049.
6467
Calculate the greatest common divisor of 1478320 and 272.
272
What is the highest common divisor of 1244093 and 529?
23
What is the highest common divisor of 48925 and 3396425?
2575
What is the greatest common divisor of 16104942 and 486?
18
What is the highest common factor of 31000 and 75826?
62
What is the greatest common factor of 1626 and 82434?
6
Calculate the greatest common divisor of 132 and 2581692.
12
What is the highest common divisor of 53384 and 6720?
8
What is the highest com